g) = g**3 + 6*g**2 - 2*g + 4. What is k(-6)?
16
Let x(f) = 2*f**2 + 4*f - 19. Give x(-8).
77
Let i(m) = -m**3 + 21*m**2 - 39*m - 2. Calculate i(19).
-21
Let z(n) = 5*n + 20. Give z(-8).
-20
Let l(y) = -y**3 + 6*y**2 - 6*y + 1. Calculate l(5).
-4
Let v(h) = h**3 + 8*h**2 + 22*h + 51. What is v(-6)?
-9
Let i(u) = -2*u**2 + 3*u - 3. Determine i(2).
-5
Let d(a) = -a**2 - 27*a + 59. Calculate d(-29).
1
Let u(a) = 7*a**2 + 6*a + 6. What is u(-2)?
22
Let u(q) = q**3 - 10*q**2 + 9*q - 30. What is u(9)?
-30
Let s(k) = -7*k**2 - 2*k - 4. Give s(-2).
-28
Let d(y) = 13*y - 7. Give d(3).
32
Let o(c) = -c**3 + 6*c**2 - 3*c - 5. Calculate o(4).
15
Let f(z) = 2*z**2 - 9*z + 13. Determine f(9).
94
Let g(k) = k**2 - 18*k + 24. Determine g(17).
7
Let k(q) = q**3 + 2*q - 3. Determine k(1).
0
Let z(i) = i**2 + 19*i - 8. Calculate z(3).
58
Let x(b) = 8*b - 45. Give x(6).
3
Let j(g) = -g**3 + 3*g**2 + 2*g + 7. Determine j(4).
-1
Let o(k) = -17*k**2 - 5*k + 3. Determine o(1).
-19
Let q(t) = -t**2 - 5*t + 6. What is q(-3)?
12
Let z(n) = -92*n - 277. Give z(-3).
-1
Let v(m) = -m**2 + 17*m + 7. Give v(12).
67
Let q(n) = -31*n + 2. What is q(-2)?
64
Let p(b) = -13*b**3 + 2*b**2 + 2*b - 3. Calculate p(1).
-12
Let q(j) = 15*j**2 - 6*j + 11. Calculate q(2).
59
Let l(v) = -2*v**3 - 10*v**2 + 28*v - 1. Calculate l(-7).
-1
Let o(k) = k**3 + k**2 + k - 55. What is o(0)?
-55
Let z(u) = 8*u - 12. Calculate z(7).
44
Let z(i) = -i**3 + 6*i**2 + 5*i - 9. Give z(6).
21
Let w(u) = 7*u. What is w(1)?
7
Let o(p) = 10*p. What is o(-5)?
-50
Let y(x) = x**3 + 6*x**2 - x + 49. Give y(-7).
7
Let n(m) = m**3 - 8*m**2 - 13*m - 6. What is n(10)?
64
Let w(l) = -l**2 + 4*l - 1. What is w(2)?
3
Let s(y) = -2*y + 3. Determine s(1).
1
Let l(t) = -t**3 + 31*t**2 + 102*t + 7. Determine l(34).
7
Let z(s) = 2*s**2 + 3*s + 2. Give z(-1).
1
Let s(o) = o**3 + 5*o**2 + 2*o - 4. Calculate s(-5).
-14
Let z(i) = 2*i**2 + i - 5. Give z(-6).
61
Let t(k) = 3*k**2 + 122*k - 305. What is t(-43)?
-4
Let f(s) = -s**2 + s - 16. Determine f(0).
-16
Let q(x) = -x**3 + 13*x**2 + 13. Calculate q(13).
13
Let w(l) = -l - 10. Calculate w(8).
-18
Let x(j) = -j**3 - 11*j**2 + 4*j + 27. Give x(-11).
-17
Let f(q) = q**2 + 27*q + 5. Give f(-27).
5
Let l(t) = -t**3 - 10*t**2 + 11*t + 5. Determine l(-11).
5
Let b(w) = w - 5. Calculate b(2).
-3
Let j(z) = 5*z - 134. Calculate j(22).
-24
Let v(i) = 17*i**2 - i + 4. Give v(-2).
74
Let x(h) = -h + 2. What is x(6)?
-4
Let q(s) = 4*s**2 - 7. Give q(3).
29
Let g(n) = -n**2 + 12*n - 3. What is g(12)?
-3
Let i(c) = 21*c + 1. Give i(-2).
-41
Let u(q) = -q**2 - 3*q + 1. Give u(-6).
-17
Let x(j) = j**3 + 10*j**2 - j - 1. Give x(-10).
9
Let x(h) = -7*h + 21. Give x(4).
-7
Let v(q) = -14*q - 2. Calculate v(-3).
40
Let u(t) = t**3 + 4*t**2 + 5*t - 3. What is u(-6)?
-105
Let z(b) = -b**3 - 10*b**2 - 9*b - 3. Calculate z(-9).
-3
Let s(h) = -2*h**3 - 13*h**2 + 7*h - 9. Determine s(-7).
-9
Let j(z) = z**2 - 18*z + 47. What is j(11)?
-30
Let p(l) = l**3 - 30*l**2 + 58*l - 48. What is p(28)?
8
Let v(p) = p**2 - 9*p + 8. Calculate v(7).
-6
Let x(w) = w**3 + 4*w**2 - 15*w + 7. Determine x(-6).
25
Let d(m) = 2*m**2 + 32*m + 53. Calculate d(-2).
-3
Let l(g) = 5*g + 5. Determine l(-4).
-15
Let f(y) = -y**3 - 22*y**2 - 19*y + 46. What is f(-21)?
4
Let y(v) = -v**3 + 7*v**2 + 11*v + 9. Determine y(9).
-54
Let j(s) = s**3 + 4*s**2 + 2*s - 1. Give j(-2).
3
Let m(w) = w**3 - w + 1. What is m(2)?
7
Let x(g) = -2*g**3 - 14*g**2 - 10*g - 73. What is x(-7)?
-3
Let s(g) = g + 8. What is s(-14)?
-6
Let n(l) = -12*l - 5. What is n(1)?
-17
Let o(d) = -d - 2. What is o(-7)?
5
Let i(k) = k**3 - 3*k**2 - 3*k + 6. What is i(4)?
10
Let q(c) = c + 1. What is q(-3)?
-2
Let z(p) = p - 10. What is z(36)?
26
Let h(q) = q**2 - 3*q + 18. What is h(6)?
36
Let k(j) = -j**3 - 15*j**2 + j + 12. What is k(-15)?
-3
Let f(d) = -5*d + 13. Give f(7).
-22
Let t(v) = -65*v + 540. Determine t(8).
20
Let a(r) = -r**2 - 28*r + 101. Give a(-31).
8
Let c(d) = -21*d - 206. Calculate c(-11).
25
Let z(d) = -d**2 + 16*d + 16. What is z(16)?
16
Let w(o) = -2*o**2 - 23*o - 55. Determine w(-5).
10
Let q(v) = v**3 + 5*v**2 + 3*v + 4. Determine q(-2).
10
Let j(f) = -63*f + 1516. Calculate j(24).
4
Let r(g) = -2*g**2 + 4*g - 1. Give r(-4).
-49
Let x(n) = -n**3 - n**2 + 5*n + 3. What is x(-2)?
-3
Let g(a) = 3*a - 5. Give g(-3).
-14
Let l(f) = 19*f + 72. What is l(-4)?
-4
Let y(f) = 12*f**2 - f + 1. Calculate y(1).
12
Let i(u) = -u**2 + 4*u + 3. What is i(-2)?
-9
Let w(j) = -j**2 - 13*j - 16. Calculate w(-11).
6
Let y(z) = 4*z**3 - z**2 - 2*z - 1. Calculate y(-1).
-4
Let q(u) = -2*u - 31. What is q(-10)?
-11
Let u(y) = y**2 + 27*y + 78. What is u(-24)?
6
Let j(c) = c**3 - 15*c**2 + 15*c - 22. Give j(14).
-8
Let i(p) = -12*p + 22. Give i(2).
-2
Let z(o) = -3*o**3 - 4*o**2 - o - 5. Determine z(-2).
5
Let p(m) = m**2 - 3*m + 1. What is p(11)?
89
Let j(u) = 7*u**3 - 2*u**2 + 2. What is j(1)?
7
Let q(k) = k**3 - 6*k**2 + 4*k - 3. Calculate q(5).
-8
Let q(s) = 2*s**2 + 5*s - 6. Calculate q(-5).
19
Let q(b) = 17*b + 1422. Give q(-84).
-6
Let j(r) = r**2 + 14*r - 43. What is j(-15)?
-28
Let c(x) = 2*x - 2. Give c(4).
6
Let q(t) = -13*t**3 - 2*t**2 + t + 2. What is q(-1)?
12
Let h(g) = g - 7. Give h(-7).
-14
Let u(n) = 12*n + 1. Determine u(1).
13
Let k(f) = 7*f - 3. Give k(1).
4
Let x(p) = -p**2 + p - 11. What is x(0)?
-11
Let m(o) = o**2 + 15*o - 4. Determine m(-10).
-54
Let h(v) = -3*v**3 + 14*v**2 + v - 12. Give h(5).
-32
Let h(c) = c**3 - 2*c**2 - 6*c + 1. Determine h(-5).
-144
Let f(s) = s**2 - 5*s - 2. Calculate f(9).
34
Let f(r) = 6*r + 65. What is f(-12)?
-7
Let b(m) = 4*m - 17. What is b(17)?
51
Let n(x) = 3*x**2 - 34*x - 3. What is n(10)?
-43
Let p(q) = -18*q + 756. What is p(42)?
0
Let r(s) = s**3 + 5*s**2 - 10*s + 21. Calculate r(-7).
-7
Let w(a) = 53*a - 310. What is w(6)?
8
Let a(b) = -b**2 - 6*b + 3. Determine a(-4).
11
Let d(k) = k**3 + 14*k**2 - 17*k - 35. Calculate d(-15).
-5
Let k(i) = -2*i**3 + 10*i**2 - 2*i - 2. Give k(-2).
58
Let o(j) = 9*j + 5. Give o(0).
5
Let s(a) = -9*a - 26. Calculate s(-3).
1
Let u(p) = -p**2 + 11*p - 10. Give u(1).
0
Let j(t) = -2*t**2 + 17*t + 1. Give j(-1).
-18
Let x(a) = -a**2 + 2*a + 12. What is x(5)?
-3
Let m(b) = -b**3 - b**2 + 12*b + 7. Determine m(-3).
-11
Let p(g) = g + 4. What is p(14)?
18
Let h(p) = -p**3 + 2*p**2 + 2*p - 2. Calculate h(-3).
37
Let b(i) = 20*i + 90. What is b(-5)?
-10
Let i(j) = 2*j + 63. Determine i(-34).
-5
Let d(n) = n**2 + 20*n + 89. What is d(-12)?
-7
Let x(h) = -10*h - 149. What is x(0)?
-149
Let b(f) = 2*f**2 + 2*f - 7. Calculate b(-5).
33
Let j(r) = r**2 + 13*r + 2. Give j(-7).
-40
Let g(z) = 9*z + 84. Determine g(-13).
-33
Let x(d) = 3*d**2 - 26*d - 125. What is x(-4)?
27
Let l(a) = a - 3. What is l(5)?
2
Let p(a) = 27*a**3 + a**2 - a - 1. What is p(-1)?
-26
Let t(y) = -y**2 - 7*y + 15. Determine t(-5).
25
Let j(s) = -2*s + 20. Calculate j(4).
12
Let g(l) = -l**2 + 5*l. Give g(6).
-6
Let d(y) = y**2 - 7*y - 5. Determine d(7).
-5
Let u(n) = -n**3 + 41*n**2 + 91*n - 221. Calculate u(43).
-6
Let v(z) = 2*z**2 - 11*z + 7. Determine v(5).
2
Let q(r) = 5*r - 4. Give q(6).
26
Let q(r) = -2*r**3 - 78*r**2 + 5. Determine q(-39).
5
Let i(p) = p**3 - 6*p**2 - 10*p + 31. What is i(7)?
10
Let v(b) = b**2 - 27. Determine v(-5).
-2
Let f(v) = 4*v**2 - 27*v - 5. Calculate f(6).
-23
Let z(g) = g**3 - g**2 - g - 12. Determine z(0).
-12
Let y(f) = -10*f + 29. What is y(12)?
-91
Let l(r) = r**2 + 14*r. What is l(-13)?
-13
Let k(w) = w**3 - 19*w**2 + 36*w + 32. Determine k(17).
66
Let h(x) = -6*x**3 + 3*x**2 - 11*x + 4. Calculate h(3).
-164
Let j(z) = z - 11. What is j(13)?
2
Let t(q) = -q**3 - 8*q**2 + 3*q + 16. Give t(-8).
-8
Let g(h) = h**2 - 19*h - 138. Calculate g(25).
12
Let j(z) = -z**3 + 9*z**2 - 25*z + 18. Calculate j(5).
-7
Let g(n) = n**2 + 12*n - 34. Determine g(-14).
-6
Let k(t) = t - 10. Give k(-5).
-15
Let u(c) = c**3 + c**2 - 16. Determine u(0).
-16
Let p(g) = -g**3 + 7*g**2 - 4*g + 6. Calculate p(6).
18
Let h(q) = -q**3 + 59*q**2 - 64*q + 351. Calculate h(58).
3
Let x(b) = -b**2 - 6*b - 13. Give x(-9).
-40
Let z(i) = i**2 - 6*i - 6. Determine z(7).
1
Let o(r) = -r**3 + 14*r**2 - 8*r - 91. What is o(13)?
-26
Let o(q) = -24*q + 1. What is o(-1)?
25
Let r(a) = -a + 8. Calculate r(10).
-2